10. Is o a composite number?
False
Let r = 4742 + -2723. Is r composite?
True
Suppose -2*t + 3*d = -2441, -3*t + 2*t = -2*d - 1221. Is t a prime number?
False
Let h = 16 + -13. Suppose l - 114 = -3*c + 6*l, -h*c - l = -132. Is c a prime number?
True
Let r be -1 + 8*-1*34. Let t = -38 - r. Is t prime?
False
Suppose -5*c = -3*d + 6 - 3, 22 = -2*c - 4*d. Let f(b) = -101*b + 2. Is f(c) a prime number?
False
Suppose 14*z + 210 = 16*z. Let b be ((-2)/(-4))/(2/(-208)). Let a = b + z. Is a composite?
False
Let n(d) = -2*d - 4. Let s be n(-3). Let x be 38/6 + (-2)/6. Is (37/s)/(3/x) prime?
True
Suppose 4*d - 1481 = 2*n + 2509, -4*n + 3996 = 4*d. Is d a prime number?
False
Suppose 8 = p + 4*v, 2*p - 4 = -5*v + 6. Suppose -3*i = -3*q + 120, p = q - 3*q + 5*i + 89. Is q a composite number?
False
Suppose -5*g - 730 = -5*r, 3*r + 5*g = 2*g + 456. Is r composite?
False
Let m(o) = -40*o - 3. Let v be m(-3). Let t = -2 + 2. Suppose t = -4*l - 3*s + 195, 0 = 2*l - 9*s + 4*s - v. Is l a composite number?
True
Let v = -3 - -7. Suppose v*i - 13 = 7. Suppose 4*j - i*n = 85, 4*n + 85 = 4*j + 5. Is j composite?
True
Suppose 3*v = q + 427, v - 5*q = 48 + 85. Is v a prime number?
False
Suppose 4*w = 2*w - 2716. Is (5/(-2) - -2)*w composite?
True
Suppose -i - 2 = -2*i. Is 2*i*(-222)/(-24) prime?
True
Suppose 0*h + 785 = 5*h. Is h a prime number?
True
Suppose -c = -5*w + 1495, 0 = -3*w + 2*w - 5*c + 273. Let a be 3 - (-1 - 2 - -101). Let j = a + w. Is j composite?
True
Let x = 4 + -2. Let d be x/((-3)/(18/4)). Is (-336)/(-9) + 1/d a composite number?
False
Let y(j) = -j**3 - 2*j**2 - 2*j + 2. Let p be y(-2). Let s = 11 - p. Suppose -s*q + 87 = -2*d, 5*d - d + 79 = 5*q. Is q composite?
False
Let m(f) be the third derivative of f**5/60 - f**4/4 + 5*f**3/3 - f**2. Is m(9) composite?
False
Suppose -3*h + 2*h = -1985. Is h a composite number?
True
Let y(l) = l**3 - 6*l - 4 + 5*l**2 - 2*l**2 - 9*l**2 + 2*l**3. Let x(d) = d**3 + 7*d**2 + 5*d - 1. Let p be x(-6). Is y(p) prime?
True
Let y be 2/(-9) + 14/(-18). Let w be -3 - (6 - (-3)/y). Is 8/12*(-351)/w prime?
False
Suppose -23208 = 18*z - 26*z. Is z a composite number?
True
Suppose 4*b + 5*s - 1276 = 0, -b = -2*b + s + 328. Let n = -194 + b. Suppose n = 6*z - z. Is z composite?
True
Let q = 4 - 5. Let x be q + 4 - (0 - 1). Suppose -r - 232 = -4*w + 3*r, r = x*w - 217. Is w composite?
False
Let x be 2/(-7) + 1435/49. Is 3*2*x/2 a composite number?
True
Let d(h) = -481*h + 22. Is d(-7) composite?
False
Suppose -14615 = -5*q + 6050. Is q a prime number?
True
Let u(w) = -2*w - 7. Let p be u(-5). Suppose -3*x = 8*h - 4*h - 11, 5*x = -2*h + 9. Suppose p*c + 5*q - 105 = -h*c, q - 97 = -5*c. Is c a composite number?
False
Suppose 0 = -3*s + 105 + 234. Is s a prime number?
True
Suppose 0 = 5*s + s - 1518. Suppose 0*c - 2*c + s = -i, -i + 128 = c. Is c composite?
False
Suppose -f - 314 = -3*m, 4*m + 4*f - 465 + 41 = 0. Suppose r - m = -2*r. Is r a composite number?
True
Let a = 3496 + -1595. Is a composite?
False
Let f(p) = p**3 - 8*p**2 - p - 8. Let d be f(9). Suppose -s + 4*z + 41 = 0, -2*s = -0*s + z - d. Let a = s - -5. Is a composite?
True
Suppose 2*g - 3*g = -2. Suppose -g*v = y - 69, -5*v - 343 + 15 = -4*y. Is y prime?
False
Let s(c) = c**2 - c - 7. Suppose 0 = -3*r - 6, 0 = 2*j - j + 4*r + 14. Let o(v) = v**2 + 6*v - 5. Let g be o(j). Is s(g) a prime number?
True
Let b = 7604 + -4882. Is b a composite number?
True
Suppose 0 = y + 2, q - y + 12 = -4*y. Let z(u) = -5*u + 1. Let d(i) = -45*i + 10. Let r(t) = 4*d(t) - 35*z(t). Is r(q) prime?
False
Suppose -8 = -3*r - 2. Suppose 0 = -q + r*q - 197. Suppose 3*h - q - 58 = 0. Is h a composite number?
True
Let z be (2 + 2)*1/4. Suppose 3*d - 5 = z. Suppose 0*g = -d*g + 62. Is g a prime number?
True
Let x = 8 + -4. Suppose 4*k - 2*q - 3*q = 883, 5*k - q - 1109 = 0. Suppose n = -p + 80, 0 = x*p - 3*n - k - 77. Is p a prime number?
False
Let v = -5710 - -8865. Is v a composite number?
True
Suppose -32 = -d + 21. Is d a composite number?
False
Suppose 4*f - i = 1238, -4*f - 5*i = -3*f - 320. Is 2/(-4) - f/(-4) prime?
False
Suppose 3*m - m - 4 = 0. Suppose 0*j - m*j = -44. Is j a composite number?
True
Suppose 4*k = -0*k. Suppose 2*z - 6*z + 5*t + 356 = k, 5*z + t - 445 = 0. Is z composite?
False
Let j be (-10)/15 - (-17)/3. Suppose 70 = j*a - c, -a - 46 = -3*a + 4*c. Is a a composite number?
False
Let z = 142 - 83. Let h = z + -24. Is h a composite number?
True
Suppose 26*q - 948 = 22*q. Is q a prime number?
False
Suppose -2*u + 481 = -5*c - 515, 3*c + 5*u + 579 = 0. Let d = -4 - c. Is d a composite number?
True
Let j(n) = n**3 + 4*n**2 - n - 2. Let b be j(-2). Let m(x) = 6*x**2 - 8*x. Let t be m(b). Suppose -3*h - 62 = -t. Is h a prime number?
False
Let n = 1 - 3. Is 1/(3/(-138)*n) prime?
True
Let i be (-4)/(-10) - 24/(-15). Suppose -2*t + 236 = i*t. Is t a prime number?
True
Suppose -108 = -q + 5*h + 194, -3*q = -3*h - 870. Is q a composite number?
True
Let r be (-2 - 0)*(3 + -5). Suppose l = 3*m - 5, -r*m + 6*l = 2*l - 12. Is (-1 + -46)/(m + -2) composite?
False
Let t be (-96)/(-7) - (-4)/14. Is 4/14 - (-1102)/t prime?
True
Let q be (-1)/3*(2 + -11). Suppose -4*b = -0*b - 20. Suppose b*v - 322 = q*v. Is v composite?
True
Is (2/4)/(2 - 4005/2004) prime?
False
Let w = -122 + 231. Is w composite?
False
Suppose 3*v - 1 + 4 = 3*z, 0 = 2*v - 4. Suppose r + 0*r + 4*k = 3, -3*k = -z*r + 54. Is r a prime number?
False
Suppose 0*m = m + 2. Is 17 + 1*(-4)/m a prime number?
True
Suppose 18*j = 20*j - 5042. Is j a prime number?
True
Let d(t) = 2*t - 4. Let m be d(4). Suppose -26 - 54 = -m*j. Suppose 2*g = 64 - j. Is g a composite number?
True
Let q be -3 - (598*-2)/4. Let y = -211 + q. Is y a prime number?
False
Let p(u) = 1021*u**2 + u - 1. Let q(o) = -255*o**2. Let g(t) = -2*p(t) - 9*q(t). Is g(1) a composite number?
True
Suppose 3*a = -o + 260, 3*o - 5*a + 2*a - 744 = 0. Is o prime?
True
Suppose 72 = -y - 3*y. Suppose -160 = -2*l - 2*p - 46, 0 = 4*p - 8. Let s = y + l. Is s prime?
True
Suppose 0 = 3*r - 2*t + 29, -t - 2 = -0. Let j = r + -103. Let s = 169 + j. Is s a composite number?
True
Let n = 27 - 24. Suppose -2*o + 3*g + g = -1786, -n*g + 883 = o. Is o prime?
False
Let i = -549 + 2522. Is i composite?
False
Suppose -6*y = -y + 25. Let l = y - -26. Is l composite?
True
Suppose 2*c + 23 = -5*b, 0*c - 2*c + 3*b + 17 = 0. Let f be 2*c*2/(-4). Is ((-34)/6)/(f/9) composite?
True
Let c(i) = i**2 + 5*i - 2. Let y be c(-6). Suppose -k - y = -4*r, 0*r + 2 = -k + 3*r. Suppose -2*a - v = -55, -k*v = 6 - 18. Is a prime?
False
Let p(m) = -22*m**3 + 6*m**2 + 7*m + 4. Is p(-3) composite?
False
Let h = -41 - -204. Let o = h + -96. Is o composite?
False
Let l be (-2 - -1) + -2*46. Let j = 62 + l. Let n = -17 - j. Is n a composite number?
True
Let i = 4 - -14. Let j be 2/(-6) + 23/(-3). Let p = i + j. Is p composite?
True
Let f(m) = 6 + m - 3 - 2 + 0. Let j be f(1). Suppose -j*c + 5*v = -343 - 29, 2*c - 2*v - 378 = 0. Is c prime?
True
Suppose 4*c + 88 = 1196. Suppose 50 = -4*r - 3*p + c, r = -p + 58. Is r composite?
False
Let j = -7 + 3. Let v = -7 - j. Is 1/v + (-22)/(-3) composite?
False
Let o(u) = 13*u**2 + u + 1. Let n be o(-1). Is 1 + (12 - 3)*n a composite number?
True
Suppose -24*n + 728 = -16*n. Is n a composite number?
True
Let g(z) = -z**2 + 20*z - 11. Let d be g(8). Let q = -51 + d. Is q prime?
False
Is 3/(-15) + 7104/20 + 3 composite?
True
Suppose -4*v + 2*y - y + 19 = 0, -32 = -5*v + 4*y. Let q be v/6 + 217/3. Suppose q = 3*s + 5*a, -2*s + 112 = 2*s + 3*a. Is s a prime number?
True
Suppose -4*p - p - 5*k + 20 = 0, 5*p + 2*k - 23 = 0. Suppose p*o = -4*j + 411, 0 = 2*o + 3*j - 216 + 46. Is o prime?
True
Suppose 2*u - 4*h - 560 = 6*u, -h - 551 = 4*u. Let y = u - -243. Is y a composite number?
True
Suppose -8*y = -2073 + 17. Is y prime?
True
Let s(r) = -2*r + 4. Let w be s(4). Let p be 2*-2 - (2 + w). Let z(h) = -6*h**3 - 4*h**2 - 2*h + 1. Is z(p) prime?
True
Let d = 350 + -52. Suppose 2*r = -0*r + d. Is r composite?
False
Is ((-853)/(-4))/((-5)/(-20)) a prime number?
True
Let a = -5 - -9. Suppose 0 = -4*f + 3*z - 4*z - 7, 0 = -3*f - z - a. Let i = 4 - f. Is i composite?
False
Let j = 174 + 613. Is j composite?
False
Let f(x) = 313*x**2 + 4*x - 22. Is f(3) prime?
False
Let a(n) be the third deriv